.
3581
What is 20300013 (base 4) in base 11?
24a29
Convert 926 (base 10) to base 3.
1021022
-56246 (base 7) to base 14
-525d
-31a63 (base 11) to base 7
-252444
Convert -b02 (base 14) to base 5.
-32113
114 (base 15) to base 16
f4
What is 15b4 (base 13) in base 5?
100224
Convert -705 (base 12) to base 5.
-13023
1103133 (base 4) to base 11
4018
What is 201221 (base 3) in base 12?
38a
11620 (base 11) to base 9
24837
-4003 (base 6) to base 5
-11432
What is -1010122102 (base 3) in base 7?
-122063
-10001010010 (base 2) to base 7
-3140
Convert 10956 (base 10) to base 5.
322311
What is -4260 (base 10) in base 7?
-15264
What is -8604 (base 14) in base 8?
-55134
5227 (base 11) to base 8
15416
What is -435 (base 14) in base 8?
-1477
-1520 (base 12) to base 5
-34342
Convert 300 (base 7) to base 15.
9c
Convert -14003 (base 6) to base 4.
-201303
Convert -11013 (base 4) to base 14.
-195
11332003 (base 4) to base 9
36477
Convert -304234 (base 5) to base 16.
-26d8
21601 (base 7) to base 5
133230
-2135 (base 6) to base 10
-491
What is 744 (base 9) in base 16?
25f
What is 2604 (base 7) in base 8?
1730
What is -2618 (base 11) in base 13?
-1721
What is -65bb (base 13) in base 15?
-4306
Convert -4652 (base 8) to base 15.
-aee
What is 213012 (base 4) in base 8?
4706
-101111111110 (base 2) to base 14
-1194
What is 773 (base 15) in base 4?
122103
Convert 2f7 (base 16) to base 2.
1011110111
What is -1486 (base 13) in base 4?
-232213
Convert -2224021 (base 5) to base 12.
-1a879
Convert 110011111 (base 2) to base 4.
12133
Convert -d5 (base 15) to base 14.
-104
What is -30143 (base 6) in base 16?
-f6f
26c6 (base 13) to base 15
19b5
Convert 5350 (base 6) to base 5.
14333
Convert 340400 (base 5) to base 12.
6b1b
What is -8cd (base 15) in base 6?
-13121
What is 1000000011111 (base 2) in base 13?
1b56
What is fec (base 16) in base 14?
16b2
Convert -2657 (base 14) to base 2.
-1101001010101
Convert 1451 (base 6) to base 9.
474
What is -265a (base 11) in base 4?
-311331
Convert 661 (base 9) to base 3.
202001
What is -31428 (base 9) in base 16?
-511a
What is 2d1e (base 16) in base 3?
120211210
Convert 101100111000 (base 2) to base 10.
2872
Convert -24133 (base 5) to base 12.
-1055
Convert -e40 (base 15) to base 7.
-12234
What is -102333 (base 4) in base 13?
-726
What is 385a (base 11) in base 4?
1032202
-a15 (base 16) to base 2
-101000010101
2141 (base 5) to base 14
172
Convert 953 (base 10) to base 4.
32321
What is 15232 (base 6) in base 11?
1944
-15203 (base 6) to base 13
-1167
-12225 (base 12) to base 14
-8d09
Convert -25301 (base 7) to base 2.
-1101000001001
Convert 1111211 (base 3) to base 14.
58a
-1232 (base 4) to base 8
-156
Convert 100200121 (base 3) to base 8.
15627
-7634 (base 8) to base 10
-3996
What is 310202 (base 5) in base 13?
4763
What is 3646 (base 8) in base 13?
b78
Convert 2202412 (base 5) to base 15.
b33c
Convert -201010220 (base 3) to base 4.
-3122010
10121 (base 5) to base 11
551
Convert -10731 (base 13) to base 15.
-8c59
What is 10010000110 (base 2) in base 11?
963
16b (base 16) to base 12
263
What is 5276 (base 8) in base 9?
3685
What is -404113 (base 5) in base 16?
-32e9
What is 21768 (base 11) in base 13?
11479
-43121 (base 9) to base 5
-1403111
74a (base 13) to base 16
4dd
-52517 (base 10) to base 4
-30310211
Convert -b2 (base 16) to base 13.
-109
What is bb7 (base 13) in base 16?
7d9
-111011110000101 (base 2) to base 10
-30597
Convert -2000101 (base 3) to base 9.
-2011
What is 201300 (base 4) in base 14?
b04
What is 12d3 (base 14) in base 11?
254a
-2252 (base 14) to base 11
-4521
Convert -57542 (base 9) to base 16.
-95cf
516 (base 8) to base 12
23a
2dc6 (base 14) to base 16
2012
12737 (base 8) to base 15
19d4
What is -736 (base 12) in base 6?
-4510
Convert -8a53 (base 16) to base 5.
-2113121
-101000011011 (base 2) to base 10
-2587
32230313 (base 4) to base 16
eb37
Convert 2546 (base 8) to base 3.
1220012
Convert -1048 (base 10) to base 14.
-54c
What is -116002 (base 7) in base 14?
-7a72
Convert 642 (base 10) to base 7.
1605
Convert 524 (base 7) to base 5.
2023
What is 656 (base 13) in base 4?
100331
Convert 3869 (base 11) to base 2.
1001110101100
42 (base 13) to base 5
204
Convert -2260 (base 14) to base 15.
-1b79
-289 (base 16) to base 11
-540
Convert -477 (base 8) to base 9.
-384
1343 (base 7) to base 11
434
-695 (base 13) to base 14
-5b2
What is 23123 (base 4) in base 8?
1333
Convert 3788 (base 12) to base 8.
14230
-2012133 (base 4) to base 10
-8607
What is 30894 (base 10) in base 9?
46336
Convert -1123342 (base 5) to base 4.
-10333320
What is -2276 (base 11) in base 4?
-232223
What is 1001110110100001 (base 2) in base 6?
510453
c6c (base 14) to base 6
15200
What is -122110 (base 4) in base 7?
-4624
Convert 1102 (base 16) to base 11.
32a9
What is -2681 (base 13) in base 6?
-41305
What is 10110111101 (base 2) in base 12?
a25
Convert 2391 (base 16) to base 12.
5329
Convert 19265 (base 10) to base 11.
13524
Convert -18721 (base 10) to base 14.
-6b73
What is -30714 (base 8) in base 11?
-963a
Convert -750 (base 8) to base 15.
-228
Convert 581 (base 13) to base 16.
3b6
Convert 10111 (base 2) to base 3.
212
Convert 10000100000 (base 2) to base 15.
4a6
What is -200202 (base 3) in base 13?
-2cc
-24341 (base 6) to base 2
-111000000101
-10201122 (base 3) to base 15
-c12
Convert -5a0 (base 11) to base 2.
-1011001011
-162 (base 13) to base 15
-119
What is 101000022 (base 3) in base 9?
11008
What is -1619 (base 10) in base 6?
-11255
What is 2335a (base 11) in base 6?
420011
What is -15305 (base 7) in base 8?
-10254
Convert -16449 (base 15) to base 8.
-214244
Convert -2300 (base 5) to base 7.
-643
What is 856 (base 9) in base 15?
319
What is -4033 (base 7) in base 8?
-2564
-4021 (base 13) to base 8
-21157
-60352 (base 9) to base 11
-27881
Convert 5456 (base 9) to base 5.
112040
What is 112121122 (base 3) in base 11?
8007
10012131 (base 4) to base 13
7851
Convert 37278 (base 10) to base 14.
d82a
Convert 5d7 (base 14) to base 13.
6bc
Convert 3200323 (base 4) to base 15.
43ea
Convert 5721 (base 11) to base 8.
16545
11 (base 11) to base 15
c
What is -ac9 (base 16) in base 13?
-1345
Convert 9a (base 16) to base 7.
310
What is 150b (base 13) in base 2?
101111101101
What is 308 (base 16) in base 15?
36b
-b50 (base 16) to base 13
-141a
What is -302404 (base 7) in base 6?
-1033311
What is -10110010111001 (base 2) in base 15?
-35d4
Convert -132a (base 12) to base 8.
-4222
23400 (base 7) to base 13
2988
6163 (base 7) to base 15
987
42023 (base 5) to base 6
20443
Convert 2303 (base 6) to base 4.
20133
2543 (base 8) to base 9
1802
42041 (base 6) to base 11
4269
What is -1170 (base 11) in base 9?
-2078
Convert -1769 (base 14) to base 5.
-113314
What is 100011011 (base 2) in base 16?
11b
What is -1001110010 (base 2) in base 16?
-272
201122 (base 3) to base 9
648
What is 12252 (base 7) in base 2?
110010010110
What is -1021012202 (base 3) in base 10?
-24941
Convert -2356 (base 15) to base 14.
-2a42
What is -1102222 (base 3) in base 8?
-2034
24030 (base 10) to base 15
71c0
Convert 7417 (base 9) to base 16.
1543
What is 3087 (base 15) in base 5?
312002
Convert -1cdf (base 16) to base 13.
-3497
Convert -1928a (base 13) to base 3.
-2110220220
Convert 4525 (base 6) to base 9.
1408
What is -840 (base 12) in base 4?
-102300
What is -64 (base 10) in base 4?
-1000
-20110 (base 5) to base 13
-776
What is 10120201 (base 3) in base 11?
1a64
20212 (base 3) to base 10
185
241 (base 6) to base 11
89
Convert -2532 (base 11) to base 2.
-110011100110
What is 36b (base 15) in base 3?
1001202
What is -12884 (base 10) in base 2?
-11001001010100
Convert 133 (base 13) to base 4.
3103
Convert 284 (base 14) to base 13.
301
24c (base 14) to base 9
561
What is 1001110000110 (base 2) in base 14?
1b70
What is -41430 (base 6) in base 9?
-7560
What is -303331 (base 4) in base 7?
-12460
Convert -1100221022 (base 3) to base 11.
-1925a
Convert 153 (base 14) to base 10.
269
10244 (base 8) to base 7
15264
What is -2001 (base 6) in base 11?
-364
What is 610 (base 7) in base 11?
254
-10101100100100 (base 2) to base 10
-11044
Convert -1001101 (base 3) to base 12.
-53a
Convert 441 (base 15) to base 6.
4241
Convert -486 (base 10) to base 4.
-13212
Convert 8669 (base 11) to base 3.
120201001
What is 31422 (base 5) in 